uppose -92*a = 36*a - 120411 - 240549. Calculate the remainder when a is divided by 157.
151
Calculate the remainder when 93 is divided by ((-84)/140)/(4/(-160)).
21
Let w(h) = 62*h + 1069. What is the remainder when 7889 is divided by w(-17)?
14
Suppose 24*c = -14*c + 1296 + 11092. What is the remainder when c is divided by 95?
41
Let k(g) = -71*g + 2283. Calculate the remainder when k(-36) is divided by 6.
3
Suppose -4*x - 32 = -3*p, 0 = 5*p + 2*x - 11 + 1. Suppose -145 = -b + y + 3*y, -5*b = -p*y - 693. Let m = b - 79. What is the remainder when m is divided by 20?
18
Calculate the remainder when (1 - -5 - 5 - -2)/(6/7692) is divided by 3837.
9
Let u(r) = -4*r**2 - 2*r + 13. Let o be u(4). Let b = 95 - -3. Let w = o + b. What is the remainder when 115 is divided by w?
37
Suppose -1463 - 8605 = -50*f + 14032. Calculate the remainder when f is divided by 475.
7
Let h(t) = 20*t**2 - 136*t - 203. Calculate the remainder when h(13) is divided by 346.
25
Suppose -9*w + 2*g = -1027, 13*g + 357 = 3*w + 16*g. What is the remainder when w is divided by 8?
3
Suppose 0 = -411*x + 42*x + 39852. What is the remainder when 1071 is divided by x?
99
Suppose -4*r - 5*o + 6869 = -1368, -8300 = -4*r + 4*o. What is the remainder when r is divided by 138?
136
Suppose x = -268 - 27. Suppose -50*b + 81*b = 62. What is the remainder when (b - -1)/(4 + x/75) is divided by 14?
3
Suppose 2*l = -5*h + 1076 - 4229, -4*h - 2536 = 5*l. Let j = h - -632. Calculate the remainder when 126 is divided by j.
0
Let f = -90 + 122. Calculate the remainder when 33 is divided by f.
1
What is the remainder when (-58098)/(-62) + (-452)/7006 is divided by 29?
9
Suppose u - 85 = -4*j, 108*u - 113*u + 47 = 2*j. What is the remainder when 16902 is divided by j?
18
Let o(v) = 167*v - 143. What is the remainder when 500 is divided by o(1)?
20
Suppose -4*i = 2*z, -i - 3*i - 16 = -2*z. Let k be 4/(33/(-154) - i/4). Suppose -d = -k - 15. Calculate the remainder when 172 is divided by d.
27
What is the remainder when 85 is divided by 2/((-20)/50 + 58/120)?
13
Let m(o) = o**3 - 47*o**2 - 18*o - 1430. Suppose -14 - 5 = -s. Suppose 4*l - 207 + s = 0. Calculate the remainder when l is divided by m(48).
7
Calculate the remainder when (78/(-3) - -542) + -18 is divided by 78.
30
What is the remainder when 192 is divided by 214/8 + 2*5/40 - 6?
3
Suppose c + 16 = 48. Suppose 5*w - c = -3*w. What is the remainder when (38/(-4))/((-5)/10) is divided by w?
3
Suppose -73*z + 69*z = 4*y - 88, -y - 3*z + 30 = 0. Let d = 20 - 9. What is the remainder when y is divided by d/2 - (-2)/4?
0
Suppose -1023 - 117 = -10*t. Calculate the remainder when t is divided by 41.
32
Let f = -200 + 254. Suppose -2*o + f = 4*q, -2*q - 84 = 29*o - 31*o. Calculate the remainder when 105 is divided by o.
31
Suppose 2*q - 4 = -4*w, 0 = 2*w - 5*q - 11 - 3. Suppose 2*u - 120 = -x + 54, x = w*u - 178. Let f = -346 + 359. Calculate the remainder when u is divided by f.
10
Calculate the remainder when (-5 - (-14)/21)/((-1)/6) is divided by 7.
5
Let v = 686 + -682. Suppose -2*y - s + 37 = -288, -v*s - 4 = 0. What is the remainder when y is divided by 11?
9
Let b be (16 + 2 + -4)*18/(-12). Let m = b + 28. Suppose 13*j - 150 = m*j. What is the remainder when 173 is divided by j?
23
Suppose 1874*b - x + 9977 = 1877*b, -4*b = -4*x - 13276. Calculate the remainder when b is divided by 26.
22
Suppose -2*q + 8 = -5*i, 2*i = 2*q - 6 + 4. What is the remainder when 1560/15 - (-4)/q is divided by 38?
24
Suppose 0 = 7*c + 48*c - 12485. What is the remainder when c is divided by 35?
17
Suppose 8*c - 320 = -8*c. Suppose 17 + 0 = w - 2*v, 0 = -3*v. Let u = 23 - w. Calculate the remainder when c is divided by u.
2
Let m(r) = 61*r - 95. Let x be m(5). Suppose -4*i - x + 290 = 0. Calculate the remainder when 95 is divided by i.
15
Let t(i) = 90*i - 1187. What is the remainder when t(17) is divided by 145?
53
Let h = -930 + 1069. What is the remainder when h is divided by 51?
37
Calculate the remainder when (-1002)/(-9)*(-18)/12*-4 is divided by 24.
20
Suppose 255 = -16*z + 33*z. Let a(w) = 21*w**2 - w - 3. Let h be a(-3). Suppose 0 = -8*i + z*i - h. Calculate the remainder when i is divided by 15.
12
What is the remainder when (1728/18)/32 - 1*-784 is divided by 135?
112
Let m be 1 - 3 - (-2 - (-1 + 513)). Suppose m = 12*h - 10*h. Suppose -4*s = 96 - h. Calculate the remainder when s is divided by 11.
7
Suppose 835 = -7*o + 849. Suppose 1888 = 2*y + o*l, 2*y - 1485 = -3*l + 404. Calculate the remainder when y is divided by 21.
19
Let y = 2 - -1. Let j be ((-61)/1 + -3)*(-11)/4. Suppose r + y*h + 0*h = 64, -h + j = 3*r. Calculate the remainder when r is divided by 16.
10
Let g(l) = 11*l - 101. Let b(h) = -31*h + 303. Let j(x) = 4*b(x) + 11*g(x). Let o = 13 + 28. What is the remainder when j(7) is divided by o?
39
Let k(z) be the second derivative of z**4/12 + z**3/6 + 5*z**2 + 32*z. Let g be k(0). Suppose g*r - 1822 = -282. What is the remainder when r is divided by 26?
24
Let g = 7300 - 7091. What is the remainder when g is divided by 23?
2
Let x(h) = -h**3 + 20*h**2 - 86*h + 14. What is the remainder when x(12) is divided by 60?
14
Let u = -4725 - -7705. What is the remainder when u is divided by 33?
10
What is the remainder when 1305 is divided by (84 + -103)/((-1)/3)?
51
Suppose -10*j - 15955 = -0*j - 62955. Calculate the remainder when j is divided by 48.
44
Let w(l) be the first derivative of -l**4/4 - l**3/3 + 45*l - 1. Let p be 544/476 + (-32)/28. What is the remainder when w(p) is divided by 16?
13
Let q(y) = -2*y + 70. Suppose -b - o = 7, 5*o = 3*b + 18 - 5. Calculate the remainder when q(5) is divided by (-2)/(b + 4)*16.
12
Let m(i) = -29*i + 67. Let v be m(-18). Let d = v + -396. What is the remainder when d is divided by 97?
96
What is the remainder when (-302*(-12)/(-10))/((-10)/(2200/33)) is divided by 483?
1
Let q be (12/(-30))/(1*3/(-375)). Suppose -o - 4*o + i + q = 0, 4*o - 2*i = 34. What is the remainder when 61 is divided by o?
6
Suppose 2*b - 3*g = 37, 2*b + 0*g = -4*g + 16. Let o be -2 + ((-4)/8 - 34/(-4)). Suppose -o*d - 273 = -13*d. What is the remainder when d is divided by b?
11
Let z = 15494 - 15403. What is the remainder when 4184 is divided by z?
89
Suppose 5*z - 71 = 34. Let f be 9/z - 144/(-7). Suppose 0 = -h - 5 + f. Calculate the remainder when 77 is divided by h.
13
Let z = -4032 - -4036. What is the remainder when 310 is divided by z?
2
Let p(z) = z**3 + 4*z**2 + 2. Let r be 76/190 + (-334)/10. What is the remainder when p(-3) is divided by (-105)/r - (-6)/(-33)?
2
Let c(x) = 42*x + 4. Let g be (36/(-24))/((-1)/2). Suppose 5*w + g*w = 32. What is the remainder when c(w) is divided by 35?
32
Suppose 0 = 2*x - 2*m - 108, -9*x = -14*x - 5*m + 280. Let j = x - -118. Calculate the remainder when j is divided by 35.
33
Calculate the remainder when 560 is divided by (-1 - -19)/((9/14)/(63 + -60)).
56
Let k(b) = 227*b**2 - 13*b + 6. What is the remainder when k(1) is divided by 6?
4
Let g(q) = -q**2 + 19*q + 1250. What is the remainder when 22 is divided by g(-27)?
6
Suppose 10*c = 6*c - 64. Let s(k) = -5*k - 61. Calculate the remainder when 72 is divided by s(c).
15
Suppose 10 + 18 = 14*z. Suppose -2*c + 368 = z*c + 5*b, c - 85 = -3*b. What is the remainder when c is divided by 18?
7
Suppose 0 = 18*g - 12*g - 474. Suppose 10*z = g + 11. What is the remainder when (-8)/(0 - 4) - -21 is divided by z?
5
Let p = -1440 + 1468. Let f = 415 - 222. Calculate the remainder when f is divided by p.
25
Suppose -12*w = 203 - 659. Suppose 113*h - 108*h - 295 = 0. Calculate the remainder when h is divided by w.
21
Suppose -h - 4*m = -266, -11*h - 5*m - 1330 = -16*h. What is the remainder when h is divided by 28?
14
Suppose 3*f + 1395 = 34*f. Suppose 33*s = 31*s - t + 149, 2*t = 6. Calculate the remainder when s is divided by f.
28
Suppose 13598 = 11*z + 1245. Let n = 628 - z. Calculate the remainder when n/(-10) - (-2)/4 is divided by 26.
24
Let q(l) = l**2 + 26*l + 30. Let t be q(-25). Suppose -t*g - 15 = -545. Calculate the remainder when g is divided by 27.
25
Suppose 5*t + 51 = 2*u - 46, -2*t = -10. Suppose 0 = 4*s - 5*h - 31, 0 = -38*s + 37*s - h + 10. What is the remainder when u is divided by s?
7
Suppose 2*f = -10, -2*f + 49 = -5